138 - 256. List the prime factors of a.
2, 3, 7
Suppose 2*d + h = 1063, -5*d - 5*h = -1284 - 1366. What are the prime factors of d?
13, 41
Suppose 956 = 2*r - 5*c - 1152, -c - 1060 = -r. What are the prime factors of r?
2, 7, 19
Let y(n) = n - 16. Let m be y(10). What are the prime factors of m - -4 - -32 - 5?
5
Let b(c) = -c + 21. Let d be b(13). Let l(a) = 6*a + 11. Let z be l(d). Suppose -3*j = -5*g - z, -4*j + 17 = -3*j + g. List the prime factors of j.
2, 3
Let o(r) = -189*r + 9. What are the prime factors of o(-1)?
2, 3, 11
Suppose 2*m = -4*o - 122, 3*o - 5*m = -2*o - 115. List the prime factors of o/(-10) - (-5)/25.
3
Suppose 4*x = 2*x + 90. Suppose 0*q + 5*q = -x. Let g = 16 + q. List the prime factors of g.
7
Suppose 0 = 6*t - 5*t. Suppose 2*k - 4*k = t. Suppose k = 3*j - 23 - 34. List the prime factors of j.
19
Suppose 0 = 4*b + w - 14 - 6, b + 10 = -4*w. Suppose -b*x = 3*x - 891. What are the prime factors of x?
3, 11
Let h be (4 + 4)*3/6. Suppose -3*g - 3 = -12, 4*l - h*g = 480. List the prime factors of l.
3, 41
Suppose 0 = 16*f - 2*f - 9632. What are the prime factors of f?
2, 43
Let f = 840 + -1912. List the prime factors of 6/2*f/(-48).
67
Let p = 13 + -5. Let s(d) = -p*d + 5*d - 3 - 5*d**2 - 2*d**3 + d**3. List the prime factors of s(-5).
2, 3
Let u be (-1406)/(-8) + 2 + 2/8. Let j = -86 + u. What are the prime factors of j?
2, 23
Suppose -5*x - 2 = 18. What are the prime factors of 232 + ((x - -3)*-1 - 1)?
2, 29
Let x be -3 + (-1)/(-1)*7. Suppose 122 + 26 = x*z. List the prime factors of z.
37
Suppose -p + 24 = 5*i, -13 = -3*i - 3*p + 11. Let t(d) = 4*d + 4. Let o be t(-1). Suppose -r + 34 - i = o. What are the prime factors of r?
2, 3, 5
Let o(k) be the first derivative of -k**2 + 2/3*k**3 + 1/4*k**4 + 4 - 2*k. What are the prime factors of o(2)?
2, 5
Suppose 3*i - d = d + 760, -3*d = -3. What are the prime factors of i?
2, 127
Let c = -55 + 63. Let v(g) = 2*g**2 - 1. What are the prime factors of v(c)?
127
Let t be 2*(-5)/((-30)/9). Let s be (-999)/18*(-4)/t. Suppose 2*j + 5*m = s, j = -0*j - 4*m + 37. What are the prime factors of j?
37
Let u(c) = -c**3 - c + 3. Let t(p) be the first derivative of p**3/3 - 5. Let d be t(0). What are the prime factors of u(d)?
3
Suppose 3*w = -9, 0 = 3*i - 0*i + 2*w - 1431. List the prime factors of i.
479
Let f = -45 + 48. What are the prime factors of ((-621)/6 - f)*2/(-3)?
71
Let t(j) = -2775*j**3 + 2*j**2 + 7*j + 6. What are the prime factors of t(-1)?
2, 347
Let q = -21 - -34. Let d = 41 + q. What are the prime factors of d?
2, 3
Suppose -26*i - 78 = -27*i. Suppose -15*l + i = -13*l. List the prime factors of l.
3, 13
Suppose 14 = -t - 3*b, -t + 5*b + 16 = t. Let m be -8 + (1 + -1 - t). Let g(h) = -h**2 - 9*h - 8. What are the prime factors of g(m)?
2, 5
Suppose -3*t + 28 = -10*t. Let s be (-1990)/(-15) + t/6. Suppose 0 = -4*m + 7*m - s. List the prime factors of m.
2, 11
Let a(i) be the first derivative of 7*i**2/2 + i - 5. Let j be a(-1). Let u(k) = -3*k - 6. List the prime factors of u(j).
2, 3
Let s(l) = 5*l + 6 - l**2 + 2*l**2 - 12. Let m be s(-6). List the prime factors of 1 - (m - (16 - 0)).
17
Suppose 280 = 4*f - 4*m - 24, f = 2*m + 79. Suppose 3*p + 5*l = f, -4*l = 3*p - 17 - 51. List the prime factors of p.
2
Let f(i) = 10*i**3 + 2*i**2 + 4*i - 4. What are the prime factors of f(3)?
2, 37
Let d be 12*2/(-32)*-4. Suppose -71 = -d*q - 14. What are the prime factors of q?
19
Suppose -o - 2*o - 63 = 0. Let b = o + 29. List the prime factors of (-6 + b)*45/2.
3, 5
Suppose -7*h + 28564 = 30*h. What are the prime factors of h?
2, 193
Let n = 22 + -18. Suppose r - 25 = n*z + 32, 165 = 5*r + 4*z. List the prime factors of r.
37
List the prime factors of (-166496)/(-264) - 4*(-1)/3.
2, 79
Let o = 1772 - 1046. List the prime factors of o.
2, 3, 11
Let v = 318 + 202. List the prime factors of v.
2, 5, 13
Let m = 114 - 109. Suppose 0 = -m*n + 122 + 913. List the prime factors of n.
3, 23
Suppose 4*m = w + 404 + 104, 3*w - 268 = -2*m. Suppose -2*j = 2*j - m. List the prime factors of j.
2
Let d(s) = -s**3 + 2*s**2 + 3*s. Let t be d(3). Suppose t = 2*z - 3*u - 247, -3*z + 7*z = u + 499. List the prime factors of z.
5
Suppose 3165 + 280 = 3*p + 2*k, -k + 3446 = 3*p. List the prime factors of p.
3, 383
Let r be ((-1)/3)/((-1)/33). Let c be (2/(-7))/((-13)/182). What are the prime factors of (-3)/((-12)/c) + r?
2, 3
Suppose -5*f - l = -69 - 1403, 3*f - 5*l = 900. List the prime factors of f.
5, 59
Suppose f + 3*p = p - 320, 5*f = -2*p - 1600. Let r = 519 + f. What are the prime factors of r?
199
Let r = 1 + 4. Suppose 4*l + 3 = 23, 0 = r*m - l - 85. Let z = m + 10. What are the prime factors of z?
2, 7
Let k(n) = -83*n**3 - n - 1. What are the prime factors of k(-2)?
5, 7, 19
Let n be -2 - 2/((-4)/(-6)). Let r be (-16)/6 - n/(-15). What are the prime factors of (-564)/(-60) - r/5?
2, 5
Let d be (-2)/7 + (-60)/(-14). Let w be ((-4)/10)/(-7 + 136/20). Suppose d*a = -2*g + w*a + 60, -2*g + 2*a + 76 = 0. What are the prime factors of g?
2, 17
Suppose -5*q + 1 + 29 = 0. List the prime factors of (-7 - -4) + q*15.
3, 29
Suppose 5*y - 533 = -f, 3*f + 5*y = 779 + 830. What are the prime factors of f?
2, 269
Let q = 2168 + -123. List the prime factors of q.
5, 409
Let s = -29 + 27. List the prime factors of (-4*118/4)/s.
59
Let y(w) = 11*w. Let s(b) = 11*b. Let d(m) = 3*s(m) - 4*y(m). Let c be (1 - 2)*(8 + -7). List the prime factors of d(c).
11
Suppose 0 = 26*p - 31*p + 10. Suppose 3*z - p*f + 95 - 311 = 0, 144 = 2*z - 3*f. List the prime factors of z.
2, 3
Suppose u + 12 = -u. Let m = u + 61. Let w = m - 37. What are the prime factors of w?
2, 3
Let m(p) = -2*p**3 + 3*p**2 + 2*p - 5. Let v be m(-3). Let j be (-12)/(265/v - 4). Suppose j = 5*w - 109. List the prime factors of w.
3, 11
Let y(o) = -2*o**2 - 12*o - 3. Let q be y(-6). Let j be 285*(q/(-9) - 0). What are the prime factors of (96/60)/(2/j)?
2, 19
Suppose -2*f = -3*v + 95 + 2512, 4345 = 5*v - 4*f. List the prime factors of v.
11, 79
Let v = -36 + 36. Suppose -f + 275 = 4*t, v*t - 5*t - 2*f = -340. List the prime factors of t.
2, 5, 7
Let o(u) = 83*u**2 + 10*u + 21. List the prime factors of o(-3).
2, 3, 41
Let w = 7 - -11. Let m be 0/(-1) + (w - -3). Let f = m + -7. What are the prime factors of f?
2, 7
Let f be 1 - (0 - 4)/4. Suppose s - 80 = f*w, -2*w = -4*s + w + 310. What are the prime factors of s?
2, 19
List the prime factors of ((-7)/(35/475) + 1)*-10.
2, 5, 47
Let f(u) = -64*u - 178. What are the prime factors of f(-9)?
2, 199
Suppose 4*z - p - 7862 - 4164 = 0, 0 = -2*z + p + 6012. List the prime factors of z.
31, 97
What are the prime factors of (1023/(-6) - -5)*-2?
331
Suppose -w = -3*x - 19 + 3, -4*w = -5*x - 50. Suppose -60 = 5*j - w*j. Suppose -4*z + 72 = -5*q + j, -4*q = -4*z + 64. List the prime factors of z.
2, 5
Let u(x) = x**2 - x - 4. Let c be u(3). Suppose c = 4*m - 6. Let n = m - -26. What are the prime factors of n?
2, 7
Suppose 2*g - 18*w + 22*w - 6672 = 0, -2*g = 5*w - 6672. List the prime factors of g.
2, 3, 139
Suppose -3*i + 3239 = -33*z + 31*z, -4*i - 3*z + 4313 = 0. What are the prime factors of i?
13, 83
Suppose 5*p = 3*r + 20, 0*p + 12 = 3*p + 3*r. Suppose 0 = 5*f - 25, t + 10 = p*f - 10. Let y(i) = i**3 + 2*i + 50. What are the prime factors of y(t)?
2, 5
Let q be 85/35 - ((-54)/21 + 3). Suppose 9*t = -q*t + 44. List the prime factors of t.
2
Suppose 2 = 2*h - 2. Suppose 3*q + h*q = 25. Suppose 3*i + q = 5*g - 69, 0 = -5*g - 4*i + 53. What are the prime factors of g?
13
Suppose -a + 5*u - 3*u = 0, -3*u - 3 = 0. Let n be (-8 - -13) + 8/a. List the prime factors of ((-8)/(-20))/(n/70).
2, 7
Let c = -275 + 159. List the prime factors of (9/(-6))/(2/c).
3, 29
Let n(y) = -5*y**2 - 3*y - 2. Let v be n(-2). Suppose 2*r = 24*r + 1474. Let q = v - r. What are the prime factors of q?
3, 17
Let t(n) = -n**2 + 23*n + 102. List the prime factors of t(25).
2, 13
Let v = -42 + 243. Let c(n) = -n**3 - 11*n**2 - 12*n - 15. Let p be c(-10). Suppose 3*z - v = -p*d, -5*z + 241 = 4*d + 75. What are the prime factors of d?
3, 13
Suppose v - 10 = 6*v. What are the prime factors of (7/7)/(v/(-194))?
97
Let k(a) = a**3 + 2*a**2 + 2*a - 2. Suppose -3*f = -6*f + 6. Let l be k(f). Suppose 0 = 2*i - l + 8. List the prime factors of i